tors of ((-25)/(-20))/(y*(-2)/(-1080)).
3, 5
Suppose 2*x - 4 = -4*d, -4 = -7*d + 3*d + 3*x. Let s be 80 + 7 - d/1. Let c = s + -48. List the prime factors of c.
2, 19
Let n(r) = -18*r + 27. Let u(s) = -1. Let t(g) = -2*n(g) - 54*u(g). Let m be t(1). List the prime factors of 3 - (m/4)/(-3).
2, 3
Suppose -4*b = -0*b. Suppose 3*h + 41 - 17 = b. Let f = h + 32. What are the prime factors of f?
2, 3
Let v(a) = -2*a - 1. Let b(x) = 2*x + 4. Let d be b(-2). Let m be -2 - 0 - (d + 0). What are the prime factors of v(m)?
3
Let g be (-2)/(1 - (-13)/(-12)). What are the prime factors of g/(-18) - (-214)/3?
2, 5, 7
Let z(m) be the second derivative of -m**4/12 - 7*m**3/3 - 21*m**2/2 + 4*m. Let v be z(-13). What are the prime factors of 2124/30 + v/10?
2, 5, 7
Suppose 3*f - 3*t - t - 4 = 0, 2*t = -4*f - 2. Suppose -b - c - 8 = -151, f = 3*c - 3. List the prime factors of b.
2, 71
Let j(f) = -f**3 - 22*f**2 + 21*f - 43. Let s be j(-23). Suppose 3*i - 670 + 28 = -s*u, u = -2*i + 216. What are the prime factors of u?
2, 53
What are the prime factors of -57*(-16)/(-120)*-90?
2, 3, 19
Let g be 3/5*5*1. Suppose 0 = -4*f + 2*j + 476, g*f - 5*j = -2*f + 595. List the prime factors of f.
7, 17
Suppose -5*g + 13111 = -x, -4*g - 5*x = -6896 - 3616. What are the prime factors of g?
43, 61
Let j(r) = 4*r + 5. Let u be j(5). Let g be u + 4/(-4) + -2. Let n = g - -4. List the prime factors of n.
2, 13
Suppose -11*c - 2*c = -1807. Suppose c = r + 3*z - 131, 0 = 4*r + 2*z - 1070. List the prime factors of r.
3, 89
Suppose 8*a - 5542 - 2386 = 0. List the prime factors of a.
991
Let z = 1291 - 987. List the prime factors of z.
2, 19
Let l(t) = 413*t - 1. What are the prime factors of l(1)?
2, 103
Suppose 0 = 32*j - 57*j + 28125. What are the prime factors of j?
3, 5
Suppose 8 = 6*d - 2*d. List the prime factors of d/1 - (-4 - 1).
7
List the prime factors of (-108)/81*(-1929)/4.
643
Suppose i + 10 = 4*m + 2, 5*i = 5*m + 5. Suppose 4*q - 6*q + i = 0. Suppose x = q*x - 25. What are the prime factors of x?
5
List the prime factors of (-68)/238 + (-5870)/(-14).
419
Let z(u) = -12*u + 4. Let r be 0 + 1 - (-10)/(-5) - 1. What are the prime factors of z(r)?
2, 7
Suppose -5*o - 5*r = -9470, 2*o - r = -3*o + 9482. List the prime factors of o.
2, 3, 79
Suppose -4*w - 15 + 39 = 0. Let h(d) = 14*d + 2*d**2 + w - 3*d**2 - 5. List the prime factors of h(10).
41
Let p(a) = a**3 + 4*a**2. Let n be p(-4). Let r(k) = -k**3 + 4*k**2 + 7*k - 5. Let h be r(5). Suppose n = j - h*j + 88. What are the prime factors of j?
2, 11
Suppose -3*y - 4*r + 612 = 0, 4*y - 641 - 175 = 5*r. What are the prime factors of y?
2, 3, 17
Suppose 3*l - 35 = -k, 3*k + 0*l - 49 = 5*l. Let w = 45 - k. List the prime factors of (-456)/(-33) - (-4)/w.
2, 7
Suppose 5*z - 3*m = 712, -z - 5 = m - 141. Suppose 5*y - 80 = z. What are the prime factors of y?
2, 11
Suppose -3*j + 4*i = -4*j + 22, 0 = -5*i + 5. What are the prime factors of (-11 + -3)*j*1/(-1)?
2, 3, 7
Suppose 5*t - 1495 = 4*o, 4*t - 3*o + 4*o = 1217. List the prime factors of t.
3, 101
Suppose -2*m + 42 = -4*q, -2*q = 3*m - 0*q - 55. Let s = 35 + -52. What are the prime factors of (m + s)*23/2?
23
What are the prime factors of -1 + -4 + (50 - -154)?
199
Suppose 8*q - 12 = 20. What are the prime factors of 5/(q/(-10) + (-132)/(-300))?
5
Let o = -336 + 1056. List the prime factors of o.
2, 3, 5
Suppose 26 = 2*w - 3*u, -2*w + 3*u = 7*u - 12. List the prime factors of w.
2, 5
Let a be 3 + -6*(-1)/(-8)*4. Suppose a*t - 7*t = -56. List the prime factors of t.
2
Suppose -27*h + 26113 = -9986. List the prime factors of h.
7, 191
Let x = -20 - -24. Suppose 180 = x*g - 2*g. List the prime factors of g.
2, 3, 5
Suppose -2*l = -5*f - 0*f - 64, -f + 4*l - 20 = 0. List the prime factors of (-2)/(-2) - (2 - -1)*f.
37
Let p(j) = 177*j - 149. What are the prime factors of p(8)?
7, 181
Let g = -36 - -75. Let o = g + 3. What are the prime factors of o?
2, 3, 7
Let k(f) = -f**2 + 3*f + 4. Let l be k(3). Suppose 3*z = 3*v + 33, 2*z + v - l*v - 26 = 0. Suppose -z = -m + 3. List the prime factors of m.
2, 5
Let g be 0 - 1/4*2*-4. What are the prime factors of ((-3)/(-6) - g)/((-4)/64)?
2, 3
Suppose -3*m = -3*w + 378, 3*m + 15 + 103 = w. Suppose -27*x = -26*x - w. What are the prime factors of x?
2, 5, 13
Suppose -1340 = 2*d - 9716. List the prime factors of d.
2, 3, 349
Let x(n) = n**2 + 12*n - 13. Let a be x(-10). Let p = 35 + a. Suppose 4*z = -p*s + 342, 2*s + 20 = 6*s. List the prime factors of z.
83
Let v(b) = 78*b + 10. Let x be 42/18 + 2/6*-1. What are the prime factors of v(x)?
2, 83
List the prime factors of 5 + 345/(-60) - (-5207)/4.
1301
Suppose 4*y + y - 115 = 5*i, 0 = 2*i + 4*y + 28. List the prime factors of -4 - 5/(i/104).
2, 11
Suppose 164*x - 1407 = 161*x. What are the prime factors of x?
7, 67
Suppose 5*k - 13 = 12. Suppose -2*g - k*j = 11, 5*g = 4*j + 34 + 21. Let l = g + 1. List the prime factors of l.
2
Let s = -10 - -11. Let g be (3 + -9)*4/(-6). List the prime factors of g + -7 + 20*s.
17
Suppose -2*a + 3*b = a - 18, b = -a - 2. Let g(t) = 0 + 6*t**2 + 2*t**2 + t - a + 0*t**2. List the prime factors of g(2).
2
Suppose -23*z = -24032 + 6575. What are the prime factors of z?
3, 11, 23
Suppose -3*w + 23 + 348 = 4*l, 2*l + 5*w - 175 = 0. What are the prime factors of l?
5, 19
Let r(x) = -x**3 - 6*x**2 - 3*x - 13. Let k = -26 - -20. Let z be r(k). Suppose 0 = -3*b + 55 + z. List the prime factors of b.
2, 5
Let k(b) = -21*b + 14*b - 17 + 62*b. What are the prime factors of k(4)?
7, 29
Let l(j) = j - 26. Let i be l(0). List the prime factors of (i/3)/(-2)*3.
13
Suppose -5*r + 4*h + 3403 = 0, 4*h = 13 - 1. List the prime factors of r.
683
Let p be 0 - 7/(21/(-6)). Suppose 2*o = -p*o + 16. Suppose 5*b + 2*y = o*y + 92, 3*y = 4*b - 75. What are the prime factors of b?
2, 3
Let f be (-10)/15*(-18)/4. Suppose f*d = -2*d - 50. List the prime factors of ((-5)/d)/(2/120).
2, 3, 5
Let v be -2 - (5 + -1 - 7). List the prime factors of 1 + (-21 - v)/((-2)/1).
2, 3
Suppose 0 = 98*a - 86*a - 1032. What are the prime factors of a?
2, 43
Let a(t) = t**2 + 1183. Let b be a(0). Suppose 13*w - 20*w + b = 0. List the prime factors of w.
13
Let w be (-4 - -82*(-3)/(-1)) + 1. Suppose 10*h - w = 7*h. List the prime factors of h.
3
Suppose 4*a = -a + 2*n + 484, -5*a + n = -482. Suppose -a = -3*u + u. What are the prime factors of u?
2, 3
Let d be (-8)/6*(-4842)/12. Suppose -4*f + d = 2*a + 60, a = -3*f + 243. Suppose 8*c - a = 201. What are the prime factors of c?
2, 3
Suppose b + 4*b = -i - 7, -4*i - 28 = b. Let t(d) = d - 18. Let y(f) = -2*f + 19. Let h(j) = i*t(j) - 6*y(j). List the prime factors of h(6).
2, 3, 7
What are the prime factors of 2*(-6)/(-12)*-1*-2?
2
Let m be (20 + -12)/(3 + -1). Suppose -4*i = m*o - 2*o - 262, -5*i + 4*o = -360. What are the prime factors of i?
2, 17
Let x(n) = n**2 - 18*n + 57. Let w be x(14). What are the prime factors of (82/(-2) + 1)/(w + -2)?
2, 5
Suppose 159 = -5*i - 36. Let m = i + 15. What are the prime factors of (16/6)/(-4)*m?
2
Let n(j) = j**2 + 9*j - 11. Let h be n(-10). Let r = 0 - h. List the prime factors of (3/(-6))/(r/(-42)).
3, 7
Suppose 10488 - 696 = 18*a. List the prime factors of a.
2, 17
Let m(b) = 2*b - 14. Let g be m(13). Let l = g - -7. List the prime factors of l.
19
Let c = 4 - 14. Let x = -9 + c. Let t = 22 + x. List the prime factors of t.
3
List the prime factors of (-1)/(10/(-8064 - -4)).
2, 13, 31
Let z(i) = i**2 + 16*i + 5. Let m be z(-16). Suppose -m*o + 224 - 14 = 0. Let h = o + 8. List the prime factors of h.
2, 5
Let f = -37 - -49. Suppose -7*m = -f*m + 900. List the prime factors of m.
2, 3, 5
Suppose -10*k = -5*k - 1235. Suppose 6*w - 485 = k. What are the prime factors of w?
2, 61
Suppose -5*f + 14 = -2*i + 4*i, -2*i - 6 = 0. Suppose 5*r = 3*z - 123, 2*z - 87 = -0*z + 5*r. Suppose x = f*x - z. List the prime factors of x.
2, 3
Let q be (-4)/(-34) - 192/(-102). Let a(x) = 33*x**2 - x - 2. Let z be a(q). Let w = -71 + z. List the prime factors of w.
3, 19
Suppose 4*o = 1758 + 2046. What are the prime factors of o?
3, 317
List the prime factors of (56/6)/(2*3/54).
2, 3, 7
Let u(h) be the second derivative of h**4/4 + 7*h**3/3 - 6*h**2 - 9*h. Let k(l) be the first derivative of u(l). List the prime factors of k(5).
2